 + -322. What are the prime factors of q?
3, 5, 7
List the prime factors of (6 - 1865/5)*(-4 - 16).
2, 5, 367
List the prime factors of (-120 - (-9 - -2))/((-1)/60).
2, 3, 5, 113
Suppose -141*n + 3749750 = -3549983 + 1210225. What are the prime factors of n?
2, 3, 59, 61
Suppose 233*w - 7866 = 119*w. Suppose 0 = -3*r - 2*l + 1669, -r + 260 + 293 = -l. Suppose -64*d = -w*d + r. List the prime factors of d.
3, 37
Let d be 0 + 3*(-2 + 3). Suppose -3*l + 4*w = 6 - 3, -5*w = -d*l. Let s(q) = -6*q + 2. What are the prime factors of s(l)?
2
Let i = -155 - -12. Let x = 1058 - i. List the prime factors of x.
1201
What are the prime factors of 18/15*(-21 + -22 + 28728)?
2, 3, 5737
Let f(c) = 14*c**3 + c**2 + 2*c - 1. Let a be f(-1). What are the prime factors of ((-2)/(-6))/((-3)/18) - a?
2, 7
Let o(z) be the second derivative of z**4/3 + z**2/2 + 2*z. Let a be o(-5). Suppose -293 = -4*j - a. What are the prime factors of j?
2, 3
Suppose -5*j = 50*j + 2*j - 369474. What are the prime factors of j?
2, 7, 463
Suppose -3*d + 27 = -m + 3*m, 0 = 3*d + m - 30. Let p = 110 - d. Suppose p = -5*h + 559. What are the prime factors of h?
2, 23
Let a be ((-740)/3)/2*-3. Suppose 4*w = 2*v + 188 + a, 5*v = -w + 156. What are the prime factors of w?
3, 47
Let t be 8/6 - (-1516)/6. Let j = 110 + t. Let u = -209 + j. What are the prime factors of u?
5, 31
Let u = 4511 + 9404. What are the prime factors of u?
5, 11, 23
Let u(d) = 4*d**2 - 238*d - 251. What are the prime factors of u(83)?
3, 839
Let d(z) = 2*z**2 + 82*z - 2304. List the prime factors of d(-85).
2, 647
Suppose 962*x = 955*x - 14. Let o(l) be the first derivative of -24*l**2 - 10*l + 1. List the prime factors of o(x).
2, 43
Let g = -68 - -58. Let w(f) = -2*f**2 - 22*f - 13. Let d be w(g). Suppose -d*y - 84 = -8*y. List the prime factors of y.
2, 3, 7
What are the prime factors of (18/20)/(-9) + (-2097387)/(-270)?
2, 971
Suppose 11*g + 3*g = -16*g + 285840. What are the prime factors of g?
2, 3, 397
Let l = 13528 + 16873. List the prime factors of l.
7, 43, 101
Let x = 47748 + 10705. What are the prime factors of x?
58453
Let g(d) = -d**3 + 9*d**2 + 50*d - 16. Let w be g(-8). Suppose -3*b + w = 3*b. List the prime factors of b.
2, 7
Suppose 21*v - 555 - 390 = 0. Suppose 2*g - v*h + 47*h = 2586, 4*h + 5132 = 4*g. List the prime factors of g.
2, 7, 23
Suppose 4 = 4*s - p + 3, -p = s + 1. Suppose s = 10*h - 1932 - 1128. List the prime factors of h.
2, 3, 17
Let z(t) = 5*t + 3. Let d(p) = -5*p - 3. Let m(s) = -3*d(s) - 4*z(s). Let y be m(-1). List the prime factors of y/(-6)*-3 + (1 - -148).
2, 3, 5
Let t = 173 - 112. Let k be (t/2)/1 - 9/(-18). Let z = k - -5. What are the prime factors of z?
2, 3
Suppose -459 - 37315 = -11*b. What are the prime factors of b?
2, 17, 101
Let q(s) = 209*s**2 - 331*s - 1687. What are the prime factors of q(-5)?
3, 577
Let h(d) = -6 - 167*d + 13*d + 8*d**2 - 2 + 6*d. List the prime factors of h(21).
2, 103
Suppose 0 = -k + 5*m - 48, -3*k - 3*m = -8*m + 174. Let y be (20 + 0)*1360/100. Let o = y + k. What are the prime factors of o?
11, 19
Suppose 0 = -5*h + 1108 + 737. Let x = -77 + h. List the prime factors of x.
2, 73
Suppose 51*t - 54*t + 11193 = 0. Suppose -32*n + t = -19*n. List the prime factors of n.
7, 41
Let o(q) = 4*q - 20. Let b be o(7). List the prime factors of (314*4/b)/(7/56).
2, 157
Let y be 4/(-10*2) + (-2)/(-10). Suppose f - 71 = m + 49, 2*m + f + 255 = y. List the prime factors of m/(-3) - (0 + (-4)/(-6)).
41
Let j = -145 + 209. Let u = j - 54. What are the prime factors of u/(96/(-51) - -2)?
5, 17
Suppose -5*l = -v + 1180, 2*l + 5*v + 23 + 476 = 0. Let z be (2 - -1)*(-1)/9*l. Suppose 151 = c - z. What are the prime factors of c?
2, 5, 23
Suppose -215*w + 216*w - 5 = 0. Suppose -l - 2*r + 663 + 1055 = 0, -4*l - w*r = -6884. List the prime factors of l.
2, 863
Suppose 74*c - 192390 = 354174. List the prime factors of c.
2, 3, 1231
Suppose 0 = -11*s + 7*s + 3112. Let u be s/(-14) - (-8)/14. Let z = u - -83. List the prime factors of z.
2, 7
Suppose -10384 = -25*m + 9466. What are the prime factors of m?
2, 397
List the prime factors of (((-474075)/50)/(-21))/((-2)/(-364)).
3, 7, 13, 43
Let i be -1*10/5 - -2. Suppose 4*n + 5*l - 2295 = i, 46*n - 42*n - 4*l = 2340. What are the prime factors of n?
2, 5, 29
Let a be (-22)/(-99)*2994*(-3)/(-2). Let c = a - 79. What are the prime factors of c?
919
Let a(x) = -3057*x - 683. What are the prime factors of a(-17)?
2, 25643
Let k(q) = 18*q**2 - 38*q + 300. List the prime factors of k(19).
2, 7, 31
Suppose 3*i + 97*y - 37653 = 94*y, -62737 = -5*i + 4*y. What are the prime factors of i?
3, 47, 89
List the prime factors of (-2 + 1203)*711/63 + 7/(-49).
2, 3, 251
Let z(n) = -17*n + 208. Let f be z(-15). Suppose 6*u = -f + 4063. What are the prime factors of u?
2, 3, 5
Let r(n) be the second derivative of 16*n + 0 - 1/12*n**4 + 7/6*n**3 - 4*n**2. List the prime factors of r(3).
2
Suppose 0 = -104*k + 1406448 + 1342168. What are the prime factors of k?
13, 19, 107
Let l(i) = 7 - 14 - 80*i + 31*i. Suppose 3*t - 5*t - 2 = 0. List the prime factors of l(t).
2, 3, 7
Suppose 39*o - 40*o - 3*r + 22754 = 0, 5*o + 3*r - 113734 = 0. What are the prime factors of o?
5, 4549
Let k = 153 + -90. Suppose 0 = 2*m - 3*b - 693, -4*m - k = -4*b - 1459. Suppose 0 = -x - 5*z + 136, 3*x - 5*z - m = -2*z. What are the prime factors of x?
11
Let y be -6 + 2 - 3496/(-2). Let p be 4/(-6) - y/(-24). Suppose n - p - 52 = 0. What are the prime factors of n?
2, 31
Let v = -349 - -365. Suppose 0 = v*c - 955 - 1397. What are the prime factors of c?
3, 7
Let w(c) = -6*c**3 + 120*c**2 + c - 22. Let u be w(20). List the prime factors of (35/175)/(u/(-44))*20.
2, 11
Let x(z) = -z**2 - z + 34. Let w be x(5). Suppose 0 = w*b - v - 570 - 1420, 4*b - 1998 = -3*v. Suppose 407 = 5*u - b. What are the prime factors of u?
181
Let q(n) = 0 + 17*n**2 + 198*n - 402*n + 5 + 212*n - 2. Let w be (-1)/(-4) + (-13)/4. List the prime factors of q(w).
2, 3, 11
Suppose 15*a - 2303928 = -3*a - 81*a. What are the prime factors of a?
2, 2909
Let l(o) = -13*o**3 - 3*o**2 + o + 2. Let n be 51/(-6) + 3 + (-10)/(-4). What are the prime factors of l(n)?
17, 19
Let d = 35 + 268. Suppose 102 + d = i. What are the prime factors of i?
3, 5
Suppose -30801 + 984982 = 20*u + 84841. What are the prime factors of u?
3, 14489
Let r(t) = t**2 - t - 36. Let m be r(0). Let q be (-30)/4*m/30. What are the prime factors of q + 6 - (0 + -4)?
19
What are the prime factors of 286205/20 - (4/(-6))/((-296)/(-333))?
11, 1301
Let k = 7749 + 26018. What are the prime factors of k?
33767
List the prime factors of -2 + (-136)/(16/(-4))*87.
2, 739
Let r be -5*(0 + 15/25). What are the prime factors of -1 + 306/(-4)*14/r?
2, 89
Suppose 47*r - 42*r = 75. What are the prime factors of 15/(450/1520)*r?
2, 5, 19
Let l(u) = u**2 + 30*u + 31. Let b be l(-29). Suppose -4*p - 176 = -4*j, -b*j + 2*p = -7*j + 248. List the prime factors of j.
2, 3
Let w be (0 + 0)*15/(-75) - -15. Let c(i) = 16*i**2 + 0*i**2 - i**3 + 18*i - 20 - 2*i**2. What are the prime factors of c(w)?
5
Let h(r) = 11*r**3 - 4*r**2 + 8*r - 5. Let b(v) = 6 - v - 5 + 1 - v**2 + 3*v. Let d be b(2). List the prime factors of h(d).
83
Let t = 61 + -71. Let i be (-135)/(-18)*192/t. Let c = i + 340. What are the prime factors of c?
2, 7
Let d(n) = n**2 - 9*n - 8. Let o be d(11). Suppose 18*g = o*g + 1192. What are the prime factors of g?
2, 149
Let q(a) = 888*a + 1353. What are the prime factors of q(22)?
3, 11, 211
Let r = 38 + -95. Let g = 61 + r. Suppose 5*t + 3*j + j = 399, g*j = 4. List the prime factors of t.
79
Let p(g) = -177*g**3 - 3*g - 3. Let z = -75 + 74. What are the prime factors of p(z)?
3, 59
What are the prime factors of (430 + -8)*(-11)/(3/(-3))?
2, 11, 211
What are the prime factors of (-2002)/231*192*-2?
2, 13
Let j = -471 + 683. List the prime factors of (6 + j)*2/4.
109
Suppose -5*t + 448 = o, -2*o + 4*o = -2*t + 184. Suppose -k + 49 = 21. Let j = t - k. What are the prime factors of j?
61
Let f(y) = 560*y**2 - 2*y + 1. Let m be f(2). Let s = m - 1315. What are the prime factors of s?
2, 461
Let x = 531 - -462. Let u = x - 287. What are the prime factors of u?
2, 353
Let b(a) = a**2 - 7*a - 34. Let f be b(10). Let g(j) = -j**2 - 9*j - 4. L